{"id":198,"date":"2018-12-29T17:43:23","date_gmt":"2018-12-29T16:43:23","guid":{"rendered":"https:\/\/www.marmotte-wanderreisen.de\/Murmel5\/?page_id=198"},"modified":"2018-12-29T18:17:41","modified_gmt":"2018-12-29T17:17:41","slug":"osttirol","status":"publish","type":"page","link":"https:\/\/www.marmotte-wanderreisen.de\/Murmel5\/index.php\/osttirol\/","title":{"rendered":"H\u00fcttenwandern in Osttirol"},"content":{"rendered":"<div style=\"width: 79%;\">\n<p><!-- [if gte mso 9]><xml>\n <w:WordDocument>\n  <w:View>Normal<\/w:View>\n  <w:Zoom>0<\/w:Zoom>\n  <w:HyphenationZone>21<\/w:HyphenationZone>\n  <w:PunctuationKerning\/>\n  <w:ValidateAgainstSchemas\/>\n  <w:SaveIfXMLInvalid>false<\/w:SaveIfXMLInvalid>\n  <w:IgnoreMixedContent>false<\/w:IgnoreMixedContent>\n  <w:AlwaysShowPlaceholderText>false<\/w:AlwaysShowPlaceholderText>\n  <w:Compatibility>\n   <w:BreakWrappedTables\/>\n   <w:SnapToGridInCell\/>\n   <w:WrapTextWithPunct\/>\n   <w:UseAsianBreakRules\/>\n   <w:DontGrowAutofit\/>\n  <\/w:Compatibility>\n  <w:BrowserLevel>MicrosoftInternetExplorer4<\/w:BrowserLevel>\n <\/w:WordDocument>\n<\/xml><![endif]--><\/p>\n<p><!-- [if gte mso 9]><xml>\n <w:LatentStyles DefLockedState=\"false\" LatentStyleCount=\"156\">\n <\/w:LatentStyles>\n<\/xml><![endif]--><!-- [if gte mso 10]>\n\n\n<style>\n \/* Style Definitions *\/\n table.MsoNormalTable\n\t{mso-style-name:\"Normale Tabelle\";\n\tmso-tstyle-rowband-size:0;\n\tmso-tstyle-colband-size:0;\n\tmso-style-noshow:yes;\n\tmso-style-parent:\"\";\n\tmso-padding-alt:0cm 5.4pt 0cm 5.4pt;\n\tmso-para-margin:0cm;\n\tmso-para-margin-bottom:.0001pt;\n\tmso-pagination:widow-orphan;\n\tfont-size:10.0pt;\n\tfont-family:\"Times New Roman\";\n\tmso-ansi-language:#0400;\n\tmso-fareast-language:#0400;\n\tmso-bidi-language:#0400;}\n<\/style>\n\n\n<![endif]--><\/p>\n<p class=\"MsoNormal\"><span style=\"font-size: 8pt;\">\u00a0 \u00a0 \u00a0 \u00a0 \u00a0 \u00a0 \u00a0\u00a0\u00a0<\/span><\/p>\n<p><img loading=\"lazy\" style=\"float: right; margin-left: 25px; margin-bottom: 5px; margin-top: 5px;\" src=\"\/userfiles\/image\/Osttirol%20101_0089.JPG\" alt=\"\" width=\"180\" height=\"135\" align=\"top\" hspace=\"10\" \/><\/p>\n<p><span style=\"font-family: times new roman, times, serif; font-size: 12pt;\"><strong>Durch die Las\u00f6rlinggruppe und ein St\u00fcck Venediger H\u00f6henweg<\/strong><\/span><\/p>\n<p><span style=\"font-size: 8pt;\">\u00a0\u00a0\u00a0\u00a0\u00a0\u00a0\u00a0\u00a0\u00a0\u00a0\u00a0\u00a0\u00a0\u00a0\u00a0\u00a0\u00a0\u00a0\u00a0\u00a0\u00a0\u00a0\u00a0\u00a0\u00a0\u00a0\u00a0\u00a0\u00a0\u00a0\u00a0\u00a0\u00a0\u00a0\u00a0\u00a0\u00a0\u00a0\u00a0\u00a0\u00a0\u00a0\u00a0\u00a0\u00a0\u00a0\u00a0\u00a0\u00a0\u00a0\u00a0 <\/span><\/p>\n<p>\u00a0<img loading=\"lazy\" style=\"float: left; margin-right: 25px; margin-bottom: 10px;\" src=\"\/userfiles\/image\/Osttirol%20101_0142.JPG\" alt=\"\" width=\"142\" height=\"190\" vspace=\"12\" \/><\/p>\n<p>&nbsp;<\/p>\n<p><span style=\"font-family: times new roman, times, serif; font-size: 12pt;\">Hoch \u00fcber dem Virgental in Osttirol, das zwischen Las\u00f6rling und Gro\u00dfvenediger liegt, durchwandern wir, von H\u00fctte zu H\u00fctte, zun\u00e4chst die Las\u00f6rlinggruppe. Vorbei am h\u00fcbschen Zunigsee, am Zupalsee und dem h\u00f6chsten Berg, dem\u00a0 Las\u00f6rling mit seinen 3098m, wandern wir weiter \u00fcber verschiedene P\u00e4sse (der h\u00f6chste liegt auf 2800m) zur Neuen Reichenberger H\u00fctte und dann talw\u00e4rts durch <\/span><span style=\"font-family: times new roman, times, serif; font-size: 12pt;\">das sch\u00f6ne Dabertal.<\/span><\/p>\n<p>&nbsp;<\/p>\n<p><span style=\"font-family: times new roman, times, serif; font-size: 12pt;\">In d<img loading=\"lazy\" style=\"float: right; margin-left: 25px; margin-bottom: 10px;\" src=\"\/userfiles\/image\/Osttirol%20101_0140.JPG\" alt=\"\" width=\"179\" height=\"137\" hspace=\"10\" vspace=\"15\" \/>er Ferne bewundern wir den Gro\u00dfglockner (3798m) und auf der gegen\u00fcberliegenden Talseite den Gro\u00dfvenediger (3662m) und seine beeindruckenden Gletscher.<\/span><\/p>\n<p>&nbsp;<\/p>\n<p><span style=\"font-family: times new roman, times, serif; font-size: 12pt;\">In den gem\u00fctlichen Bergh\u00fctten gibt es neben Vogelbeermarmelade, Kaiserschmarrn, Heidelbeeromelett und Schlutzkrapfen sogar mal selbstgebackenes Kr\u00e4uterbrot.<\/span><\/p>\n<p><span style=\"font-family: times new roman, times, serif; font-size: 12pt;\">Im Juli begleiten uns auf dem Weg die\u00a0 bl\u00fchenden Alpenrosenstr\u00e4ucher, auch Almenrausch genannt.<\/span><\/p>\n<p>&nbsp;<\/p>\n<p><span style=\"font-family: times new roman, times, serif; font-size: 12pt;\">Nach 5 Wandertagen erreichen wir im Talschluss des Virgentales die Clarah\u00fctte. Dort wandern wir am Nachmittag gem\u00fctlich noch etwas das Umbaltal hinauf und genie\u00dfen Wasserf\u00e4lle, Gletscherblicke und zahlreiche Bergblumen.<\/span><\/p>\n<p><span style=\"font-family: times new roman, times, serif; font-size: 12pt;\">\u00a0<img loading=\"lazy\" style=\"float: left; margin-right: 20px; margin-bottom: 20px;\" src=\"\/userfiles\/image\/Osttirol%20101_0165.JPG\" alt=\"\" width=\"179\" height=\"133\" hspace=\"5\" vspace=\"12\" \/><\/span><\/p>\n<p><span style=\"font-family: times new roman, times, serif; font-size: 12pt;\">Am n\u00e4chsten Tag dann steigen wir entlang der Umbal-Wasserf\u00e4lle mit ihrem Wasser-Lehrschaupfad ins Virgental ab und wechseln auf den <img loading=\"lazy\" style=\"float: right; margin-left: 25px; margin-bottom: 10px;\" src=\"\/userfiles\/image\/Osttirol%20101_0236.JPG\" alt=\"\" width=\"179\" height=\"136\" hspace=\"10\" vspace=\"10\" \/>Venediger H\u00f6henweg. Mit Blick auf die gigantischen Gletscher des Gro\u00dfvenedigers wandern wir auf diesem beliebten Weg 3 Tage weiter bis wir dem Gletscher so nah kommen, dass wir fast einen Blick in die Gletscherspalten werfen k\u00f6nnen. Hier erfreuen wir uns noch einmal an der sch\u00f6nen Landschaft, schauen \u00fcber\u00a0 das Tal auf die Las\u00f6rlinggruppe zur\u00fcck und beenden unsere Tour am n\u00e4chsten Tag in Hinterbichl.<\/span><\/p>\n<p>&nbsp;<\/p>\n<p>&nbsp;<\/p>\n<p>&nbsp;<\/p>\n<p><span style=\"font-family: times new roman, times, serif; font-size: 11pt;\"><strong><span style=\"text-decoration: underline;\">Etappen<\/span>:\u00a0 8 Tagesetappen <\/strong>zwischen 3 h und 7 h <br \/>\nBei den k\u00fcrzeren Etappen sind jeweils noch\u00a0 Anschlusswanderungen mit Tagesgep\u00e4ck geplant. Diese sollen aber kein Muss sein, sondern wer m\u00f6chte kann sich ausruhen und wer noch weiterwandern m\u00f6chte, kann mitkommen.<\/span><\/p>\n<p>&nbsp;<\/p>\n<p><span style=\"font-size: 11pt; font-family: times new roman, times, serif;\"><strong><span style=\"text-decoration: underline;\">Schwierigkeit<\/span><\/strong>: \u00a0 mittel<\/span><br \/>\n<span style=\"font-size: 11pt; font-family: times new roman, times, serif;\"><img loading=\"lazy\" style=\"float: right; margin-left: 25px; margin-bottom: 10px;\" src=\"\/userfiles\/image\/Osttirol%20101_0211.JPG\" alt=\"\" width=\"179\" height=\"134\" align=\"middle\" hspace=\"10\" vspace=\"10\" \/><\/span><br \/>\n<span style=\"font-size: 11pt; font-family: times new roman, times, serif;\"><strong><span style=\"text-decoration: underline;\">Anforderungen<\/span><\/strong>:\u00a0<br \/>\nTrittsicherheit und Schwindelfreiheit<br \/>\nWanderung mit Gep\u00e4ck. Der Rucksack sollte nicht mehr als 11 kg wiegen.<\/span><\/p>\n<div style=\"width: 80%;\">\n<p>&nbsp;<\/p>\n<p><span style=\"font-family: times new roman, times, serif; font-size: 11pt;\"><strong><span style=\"text-decoration: underline;\">Preis<\/span><\/strong>:<br \/>\n715,- Euro\/ 685,- Euro (AV-Mitfrauen)\u00a0 inkl. \u00dcbernachtung in H\u00fctten im Lager mit Fr\u00fchst\u00fcck, <small><br \/>\nin einigen H\u00fctten Zimmer gegen Aufpreis m\u00f6glich\u00a0\u00a0\u00a0\u00a0\u00a0\u00a0\u00a0\u00a0\u00a0\u00a0\u00a0\u00a0\u00a0\u00a0\u00a0\u00a0\u00a0\u00a0\u00a0\u00a0\u00a0\u00a0\u00a0\u00a0\u00a0\u00a0\u00a0\u00a0\u00a0\u00a0\u00a0\u00a0\u00a0\u00a0\u00a0\u00a0\u00a0\u00a0\u00a0\u00a0\u00a0\u00a0\u00a0\u00a0\u00a0\u00a0\u00a0\u00a0\u00a0\u00a0\u00a0\u00a0\u00a0\u00a0\u00a0\u00a0\u00a0\u00a0\u00a0\u00a0\u00a0\u00a0\u00a0\u00a0\u00a0\u00a0\u00a0\u00a0\u00a0\u00a0\u00a0\u00a0\u00a0\u00a0\u00a0\u00a0\u00a0\u00a0\u00a0 \u00a0 <\/small><\/span><\/p>\n<p>&nbsp;<\/p>\n<p><span style=\"font-size: 11pt; font-family: times new roman, times, serif;\"><small><strong><big><span style=\"text-decoration: underline;\">Anreise<\/span><\/big><\/strong><big>:\u00a0 mit dem Zug &#8211; ich helfe gerne bei der Organisation und Bildung von Fahrgemeinschaften &#8211;<\/big><\/small><\/span><\/p>\n<p>&nbsp;<\/p>\n<p><span style=\"font-family: times new roman, times, serif; font-size: 11pt;\"><span style=\"text-decoration: underline;\"><strong><small><big>Ausgangsort\/Treffpunkt:<\/big><\/small><\/strong><\/span><small><big>\u00a0 Matrei in Osttirol<\/big><\/small><\/span><\/p>\n<p>&nbsp;<\/p>\n<p><span style=\"font-family: times new roman, times, serif; font-size: 11pt;\"><span style=\"text-decoration: underline;\"><strong><small><big>Termin<\/big><\/small><\/strong><\/span><small><big>:\u00a0 <\/big><\/small><small>13.07.-20.07.2019<\/small>\u00a0\u00a0<\/span><span style=\"font-size: smaller;\"> <br \/>\n<\/span><\/p>\n<p>&nbsp;<\/p>\n<p>&nbsp;<\/p>\n<p><span style=\"font-size: smaller;\"><small><big>Diese Tour biete ich f\u00fcr Frauen a<\/big><\/small><small><big>n. \u00a0<\/big><\/small><\/span><\/p>\n<p>&nbsp;<\/p>\n<p>&nbsp;<\/p>\n<p><img style=\"width: 120px; height: 161px;\" src=\"\/userfiles\/image\/Osttirol%20101_0018.JPG\" alt=\"\" \/>\u00a0 <img style=\"width: 160px; height: 120px;\" src=\"\/userfiles\/image\/Osttirol%20101_0237.JPG\" alt=\"\" \/>\u00a0 <img style=\"width: 120px; height: 161px;\" src=\"\/userfiles\/image\/Osttirol%20101_0051.JPG\" alt=\"\" \/>\u00a0 <img style=\"width: 120px; height: 159px;\" src=\"\/userfiles\/image\/Osttirol%20101_0202.JPG\" alt=\"\" \/>\u00a0 \u00a0\u00a0\u00a0 \u00a0\u00a0\u00a0 \u00a0 \u00a0\u00a0<\/p>\n<\/div>\n<\/div>\n","protected":false},"excerpt":{"rendered":"<p>\u00a0 \u00a0 \u00a0 \u00a0 \u00a0 \u00a0 \u00a0\u00a0\u00a0 Durch die Las\u00f6rlinggruppe und ein St\u00fcck Venediger H\u00f6henweg \u00a0\u00a0\u00a0\u00a0\u00a0\u00a0\u00a0\u00a0\u00a0\u00a0\u00a0\u00a0\u00a0\u00a0\u00a0\u00a0\u00a0\u00a0\u00a0\u00a0\u00a0\u00a0\u00a0\u00a0\u00a0\u00a0\u00a0\u00a0\u00a0\u00a0\u00a0\u00a0\u00a0\u00a0\u00a0\u00a0\u00a0\u00a0\u00a0\u00a0\u00a0\u00a0\u00a0\u00a0\u00a0\u00a0\u00a0\u00a0\u00a0\u00a0\u00a0 \u00a0 &nbsp; Hoch \u00fcber dem Virgental in Osttirol, das zwischen Las\u00f6rling und Gro\u00dfvenediger liegt, durchwandern wir, von H\u00fctte zu H\u00fctte, zun\u00e4chst die Las\u00f6rlinggruppe. Vorbei am h\u00fcbschen Zunigsee, am Zupalsee und dem h\u00f6chsten Berg, dem\u00a0 Las\u00f6rling mit seinen 3098m, wandern &hellip; <a href=\"https:\/\/www.marmotte-wanderreisen.de\/Murmel5\/index.php\/osttirol\/\" class=\"more-link\"><span class=\"screen-reader-text\">&#8222;H\u00fcttenwandern in Osttirol&#8220; <\/span>weiterlesen<\/a><\/p>\n","protected":false},"author":1,"featured_media":0,"parent":0,"menu_order":0,"comment_status":"closed","ping_status":"closed","template":"","meta":[],"_links":{"self":[{"href":"https:\/\/www.marmotte-wanderreisen.de\/Murmel5\/index.php\/wp-json\/wp\/v2\/pages\/198"}],"collection":[{"href":"https:\/\/www.marmotte-wanderreisen.de\/Murmel5\/index.php\/wp-json\/wp\/v2\/pages"}],"about":[{"href":"https:\/\/www.marmotte-wanderreisen.de\/Murmel5\/index.php\/wp-json\/wp\/v2\/types\/page"}],"author":[{"embeddable":true,"href":"https:\/\/www.marmotte-wanderreisen.de\/Murmel5\/index.php\/wp-json\/wp\/v2\/users\/1"}],"replies":[{"embeddable":true,"href":"https:\/\/www.marmotte-wanderreisen.de\/Murmel5\/index.php\/wp-json\/wp\/v2\/comments?post=198"}],"version-history":[{"count":9,"href":"https:\/\/www.marmotte-wanderreisen.de\/Murmel5\/index.php\/wp-json\/wp\/v2\/pages\/198\/revisions"}],"predecessor-version":[{"id":203,"href":"https:\/\/www.marmotte-wanderreisen.de\/Murmel5\/index.php\/wp-json\/wp\/v2\/pages\/198\/revisions\/203"}],"wp:attachment":[{"href":"https:\/\/www.marmotte-wanderreisen.de\/Murmel5\/index.php\/wp-json\/wp\/v2\/media?parent=198"}],"curies":[{"name":"wp","href":"https:\/\/api.w.org\/{rel}","templated":true}]}}