{"id":326,"date":"2018-12-30T13:15:24","date_gmt":"2018-12-30T12:15:24","guid":{"rendered":"https:\/\/www.marmotte-wanderreisen.de\/Murmel5\/?page_id=326"},"modified":"2018-12-30T13:43:09","modified_gmt":"2018-12-30T12:43:09","slug":"saechsischeschweiz","status":"publish","type":"page","link":"https:\/\/www.marmotte-wanderreisen.de\/Murmel5\/index.php\/saechsischeschweiz\/","title":{"rendered":"S\u00e4chsische Schweiz"},"content":{"rendered":"<div style=\"width: 80%;\"><strong><span style=\"font-family: times new roman, times, serif; font-size: 12pt;\">S\u00e4chsische Schweiz (Elbsandsteingebirge)<\/span><\/strong><\/div>\n<div>\u00a0<\/div>\n<div style=\"width: 80%;\">\n<p><img loading=\"lazy\" style=\"float: right; margin-left: 16px; margin-bottom: 5px; margin-top: 20px;\" src=\"https:\/\/www.marmotte-wanderreisen.de\/sites\/default\/files\/K%C3%B6nig8.jpg\" width=\"210\" height=\"140\" \/><\/p>\n<p>&nbsp;<\/p>\n<p><span style=\"font-family: times new roman, times, serif; font-size: 12pt;\">Der National<img loading=\"lazy\" style=\"margin-right: 23px; float: left; margin-top: 2px; margin-bottom: 25px;\" src=\"\/sites\/default\/files\/K%C3%B6nig21.jpg\" width=\"140\" height=\"210\" \/>park S\u00e4chsische Schweiz im Elbsandsteingebirge <\/span><br \/>\n<span style=\"font-family: times new roman, times, serif; font-size: 12pt;\">ist vielen bekannt durch seine bizarren Felsformationen, Felsriffe und Sandsteint\u00fcrme.<\/span><\/p>\n<p>&nbsp;<\/p>\n<p><span style=\"font-family: times new roman, times, serif; font-size: 12pt;\">Die spektakul\u00e4re Landschaft mit ihren Aussichtsfelsen, Tafelbergen, tiefen Gr\u00fcnden, verwunschenen W\u00e4lder und <\/span><br \/>\n<span style=\"font-family: times new roman, times, serif; font-size: 12pt;\">immer wieder weiten Blicken auf die Elbe und \u00fcber die m\u00e4rchenhafte Landschaft machen die S\u00e4chsische Schweiz <\/span><br \/>\n<span style=\"font-family: times new roman, times, serif; font-size: 12pt;\">zu einer besonderen Region.<\/span><\/p>\n<p>&nbsp;<\/p>\n<p><span style=\"font-family: times new roman, times, serif; font-size: 12pt;\">Wir wohnen in einer kleinen Pension unterhalb des <\/span><span style=\"font-family: times new roman, times, serif; font-size: 12pt;\">Liliensteins im kleinen St\u00e4dtchen K\u00f6nigstein an der Elbe <\/span><span style=\"font-family: times new roman, times, serif; font-size: 12pt;\">mit Blick auf die gleichnamige Festung.<\/span><\/p>\n<p><span style=\"font-family: times new roman, times, serif; font-size: 12pt;\">\u00a0<img loading=\"lazy\" class=\"aligncenter\" style=\"float: right; margin-left: 16px; margin-bottom: 22px; margin-top: 22px;\" src=\"\/sites\/default\/files\/K%C3%B6nig5.jpg\" width=\"141\" height=\"211\" \/><\/span><\/p>\n<p><span style=\"font-family: times new roman, times, serif; font-size: 12pt;\">Von hier aus machen wir viele sch\u00f6ne Wanderungen zum Gohrischstein, Papststein, zur Barbarine und dem Pfaffenstein, zum Rauenstein und den B\u00e4rensteinen, zum Uttewalder Grund und zum Teufelsgrund<img loading=\"lazy\" style=\"margin-right: 23px; float: left; margin-top: 28px; margin-bottom: 28px;\" src=\"\/sites\/default\/files\/K%C3%B6nig26.jpg\" width=\"210\" height=\"158\" \/> bei Wehlen, zu den Schwedenl\u00f6chern bei <\/span><br \/>\n<span style=\"font-family: times new roman, times, serif; font-size: 12pt;\">Rathen und nat\u00fcrlich gehen wir auch auf den Lilienstein <\/span><br \/>\n<span style=\"font-family: times new roman, times, serif; font-size: 12pt;\">und bewundern die sch\u00f6ne Aussicht.<\/span><\/p>\n<p>&nbsp;<\/p>\n<p><span style=\"font-family: times new roman, times, serif; font-size: 12pt;\">An einem Tag machen wir einen Ausflug in die B\u00f6hmische Schweiz, auf die tschechische Seite des Elbsandsteingebirges, zu den Tyssaer W\u00e4nden mit ihren besonders bizarren Steingebilden und Sandsteint\u00fcrmen und wandern durch <\/span><br \/>\n<span style=\"font-family: times new roman, times, serif; font-size: 12pt;\">das sch\u00f6ne Bielatal zur\u00fcck nach Schweizerm\u00fchle wieder Richtung K\u00f6nigstein.<\/span><\/p>\n<p>&nbsp;<\/p>\n<p>&nbsp;<\/p>\n<p>&nbsp;<\/p>\n<p><img loading=\"lazy\" style=\"float: right; margin: 5px 40px;\" src=\"\/sites\/default\/files\/K%C3%B6nig12.jpg\" width=\"100\" height=\"150\" \/><\/p>\n<p>&nbsp;<\/p>\n<p><span style=\"font-size: 11pt; font-family: times new roman, times, serif;\"><strong><span style=\"text-decoration: underline;\">Tourenl\u00e4ngen<\/span><\/strong>: zwischen 15 und 20 km, d.h. am An- und Abreisetag entsprechend etwas k\u00fcrzer. <\/span><\/p>\n<p><span style=\"font-family: times new roman, times, serif; font-size: 11pt;\"><span style=\"font-size: 11p;\">Wir wandern an allen 4<\/span><span style=\"font-size: 11p;\"> Tagen. <\/span><\/span><\/p>\n<p>&nbsp;<\/p>\n<p><span style=\"font-family: times new roman, times, serif; font-size: 11pt;\"><span style=\"font-size: 11p;\"><strong><span style=\"text-decoration: underline;\">Preis<\/span><\/strong>:\u00a0\u00a0\u00a0\u00a0\u00a0 415,- <\/span><span style=\"font-size: 11p;\">\u20ac\u00a0 inkl. \u00dcbernachtung mit Fr\u00fchst\u00fcck in 2-Bettzimmern<\/span><\/span><\/p>\n<p>&nbsp;<\/p>\n<p><span style=\"font-family: times new roman, times, serif; font-size: 11pt;\"><strong><span style=\"text-decoration: underline;\">Anreise<\/span><\/strong>:\u00a0 mit dem Zug oder in Fahrgemeinschaften &#8211; ich helfe gerne beim Organisieren<\/span><\/p>\n<p>&nbsp;<\/p>\n<p><span style=\"font-family: times new roman, times, serif; font-size: 11pt;\"><strong><span style=\"text-decoration: underline;\">Termine<\/span><\/strong>: 11.-14. Oktober 2019 \u00a0 \u00a0 \u00a0\u00a0\u00a0<\/span><\/p>\n<p>&nbsp;<\/p>\n<p>&nbsp;<\/p>\n<p><span style=\"font-family: times new roman, times, serif;\">\u00a0<span style=\"font-size: 11p;\">\u00a0\u00a0\u00a0\u00a0\u00a0\u00a0\u00a0\u00a0\u00a0\u00a0\u00a0\u00a0\u00a0\u00a0\u00a0\u00a0\u00a0\u00a0\u00a0\u00a0\u00a0\u00a0\u00a0\u00a0\u00a0\u00a0\u00a0\u00a0\u00a0\u00a0\u00a0\u00a0\u00a0\u00a0\u00a0\u00a0\u00a0\u00a0\u00a0\u00a0\u00a0\u00a0\u00a0\u00a0\u00a0\u00a0\u00a0\u00a0\u00a0\u00a0\u00a0\u00a0\u00a0\u00a0\u00a0\u00a0\u00a0\u00a0\u00a0\u00a0\u00a0\u00a0\u00a0\u00a0\u00a0\u00a0\u00a0\u00a0\u00a0\u00a0\u00a0\u00a0\u00a0\u00a0\u00a0\u00a0\u00a0\u00a0\u00a0\u00a0\u00a0\u00a0\u00a0\u00a0\u00a0\u00a0\u00a0\u00a0\u00a0\u00a0\u00a0\u00a0\u00a0\u00a0 <\/span><\/span><\/p>\n<p><span style=\"font-size: 11p;\"><small><big><span style=\"font-family: times new roman, times, serif;\">Diese Wanderwochenenden biete ich f\u00fcr Frauen an.\u00a0<\/span> <\/big><\/small><\/span><\/p>\n<p>&nbsp;<\/p>\n<p>\u00a0<img loading=\"lazy\" style=\"vertical-align: bottom;\" src=\"\/sites\/default\/files\/K%C3%B6nig20.jpg\" width=\"114\" height=\"171\" \/><img loading=\"lazy\" style=\"vertical-align: bottom;\" src=\"\/sites\/default\/files\/K%C3%B6nig1.jpg\" width=\"159\" height=\"120\" \/><img loading=\"lazy\" style=\"vertical-align: bottom;\" src=\"\/sites\/default\/files\/K%C3%B6nig2.jpg\" width=\"159\" height=\"120\" \/><img loading=\"lazy\" style=\"vertical-align: bottom;\" src=\"\/sites\/default\/files\/K%C3%B6nig18.jpg\" width=\"114\" height=\"171\" \/><img loading=\"lazy\" style=\"vertical-align: bottom;\" src=\"\/sites\/default\/files\/K%C3%B6nig11.jpg\" width=\"114\" height=\"171\" \/><img loading=\"lazy\" style=\"vertical-align: bottom;\" src=\"\/sites\/default\/files\/K%C3%B6nig22.jpg\" width=\"114\" height=\"171\" \/><img loading=\"lazy\" style=\"vertical-align: bottom;\" src=\"\/sites\/default\/files\/K%C3%B6nig9.jpg\" width=\"183\" height=\"122\" \/><img loading=\"lazy\" style=\"vertical-align: bottom;\" src=\"\/sites\/default\/files\/K%C3%B6nig14.jpg\" width=\"114\" height=\"171\" \/><img loading=\"lazy\" style=\"vertical-align: bottom;\" src=\"\/sites\/default\/files\/K%C3%B6nig7.jpg\" width=\"183\" height=\"122\" \/><img loading=\"lazy\" style=\"vertical-align: bottom;\" src=\"\/sites\/default\/files\/K%C3%B6nig16.jpg\" width=\"183\" height=\"122\" \/><img loading=\"lazy\" style=\"vertical-align: bottom;\" src=\"\/sites\/default\/files\/K%C3%B6nig25.jpg\" width=\"114\" height=\"171\" \/><img loading=\"lazy\" style=\"vertical-align: bottom;\" src=\"\/sites\/default\/files\/K%C3%B6nig17.jpg\" width=\"171\" height=\"114\" \/><img loading=\"lazy\" style=\"vertical-align: bottom;\" src=\"\/sites\/default\/files\/K%C3%B6nig15.jpg\" width=\"171\" height=\"114\" \/><img loading=\"lazy\" style=\"vertical-align: bottom;\" src=\"\/sites\/default\/files\/K%C3%B6nig13.jpg\" width=\"171\" height=\"114\" \/><img loading=\"lazy\" style=\"vertical-align: bottom;\" src=\"\/sites\/default\/files\/K%C3%B6nig27.jpg\" width=\"114\" height=\"152\" \/><img loading=\"lazy\" style=\"vertical-align: bottom;\" src=\"\/sites\/default\/files\/K%C3%B6nig3.jpg\" width=\"152\" height=\"114\" \/><\/p>\n<p>&nbsp;<\/p>\n<\/div>\n","protected":false},"excerpt":{"rendered":"<p>S\u00e4chsische Schweiz (Elbsandsteingebirge) \u00a0 &nbsp; Der Nationalpark S\u00e4chsische Schweiz im Elbsandsteingebirge ist vielen bekannt durch seine bizarren Felsformationen, Felsriffe und Sandsteint\u00fcrme. &nbsp; Die spektakul\u00e4re Landschaft mit ihren Aussichtsfelsen, Tafelbergen, tiefen Gr\u00fcnden, verwunschenen W\u00e4lder und immer wieder weiten Blicken auf die Elbe und \u00fcber die m\u00e4rchenhafte Landschaft machen die S\u00e4chsische Schweiz zu einer besonderen Region. &nbsp; &hellip; <a href=\"https:\/\/www.marmotte-wanderreisen.de\/Murmel5\/index.php\/saechsischeschweiz\/\" class=\"more-link\"><span class=\"screen-reader-text\">&#8222;S\u00e4chsische Schweiz&#8220; <\/span>weiterlesen<\/a><\/p>\n","protected":false},"author":1,"featured_media":0,"parent":0,"menu_order":0,"comment_status":"closed","ping_status":"closed","template":"","meta":[],"_links":{"self":[{"href":"https:\/\/www.marmotte-wanderreisen.de\/Murmel5\/index.php\/wp-json\/wp\/v2\/pages\/326"}],"collection":[{"href":"https:\/\/www.marmotte-wanderreisen.de\/Murmel5\/index.php\/wp-json\/wp\/v2\/pages"}],"about":[{"href":"https:\/\/www.marmotte-wanderreisen.de\/Murmel5\/index.php\/wp-json\/wp\/v2\/types\/page"}],"author":[{"embeddable":true,"href":"https:\/\/www.marmotte-wanderreisen.de\/Murmel5\/index.php\/wp-json\/wp\/v2\/users\/1"}],"replies":[{"embeddable":true,"href":"https:\/\/www.marmotte-wanderreisen.de\/Murmel5\/index.php\/wp-json\/wp\/v2\/comments?post=326"}],"version-history":[{"count":18,"href":"https:\/\/www.marmotte-wanderreisen.de\/Murmel5\/index.php\/wp-json\/wp\/v2\/pages\/326\/revisions"}],"predecessor-version":[{"id":345,"href":"https:\/\/www.marmotte-wanderreisen.de\/Murmel5\/index.php\/wp-json\/wp\/v2\/pages\/326\/revisions\/345"}],"wp:attachment":[{"href":"https:\/\/www.marmotte-wanderreisen.de\/Murmel5\/index.php\/wp-json\/wp\/v2\/media?parent=326"}],"curies":[{"name":"wp","href":"https:\/\/api.w.org\/{rel}","templated":true}]}}