{"id":381,"date":"2018-12-30T14:41:47","date_gmt":"2018-12-30T13:41:47","guid":{"rendered":"https:\/\/www.marmotte-wanderreisen.de\/Murmel5\/?page_id=381"},"modified":"2018-12-30T14:57:21","modified_gmt":"2018-12-30T13:57:21","slug":"naturpark-pfaelzer-wald","status":"publish","type":"page","link":"https:\/\/www.marmotte-wanderreisen.de\/Murmel5\/index.php\/naturpark-pfaelzer-wald\/","title":{"rendered":"Naturpark Pf\u00e4lzer Wald"},"content":{"rendered":"<div style=\"width: 80%;\"><strong><span style=\"font-family: times new roman, times, serif; font-size: 12pt;\">Wandertage im Naturpark Pf\u00e4lzer Wald<\/span><\/strong><\/p>\n<p class=\"MsoNormal\"><span style=\"font-size: 11pt; font-family: times new roman, times, serif;\"><img loading=\"lazy\" style=\"float: right; margin-top: 30px; margin-bottom: 30px;\" src=\"\/sites\/default\/files\/Pfalz1%20-%20100_0969.JPG\" width=\"210\" height=\"157\" \/><\/span><\/p>\n<p class=\"MsoNormal\">\u00a0<\/p>\n<p>&nbsp;<\/p>\n<p class=\"MsoNormal\"><span style=\"font-family: times new roman, times, serif; font-size: 12pt;\">Wir verbringen f\u00fcnf erlebnisreiche und erholsame\u00a0Wandertage in wundersch\u00f6ner Landschaft zwischen Weinbergen und bunten Misch- und Keschdew\u00e4ldern (Esskastanien) im Naturpark Pf\u00e4lzer Wald.<\/span><\/p>\n<p>&nbsp;<\/p>\n<p class=\"MsoNormal\"><span style=\"font-family: times new roman, times, serif; font-size: 12pt;\">Unsere Pension liegt oberhalb des malerischen Weindorfes St. Martin <br \/>\nan der Kropsburg direkt am Waldrand mit Blick \u00fcber die Weinberge.<\/span><\/p>\n<p>&nbsp;<\/p>\n<p class=\"MsoNormal\"><span style=\"font-family: times new roman, times, serif; font-size: 12pt;\">Von dort aus machen wir Wanderungen zum Hambacher Schloss, zur Burg Trifels, <br \/>\nzur 673m hoch gelegenen Kalmit, zur Burgruine Rietburg und wir laufen durch die bunt gef\u00e4rbten Weinberge.<\/span><\/p>\n<p class=\"MsoNormal\"><span style=\"font-size: 12pt; font-family: times new roman, times, serif;\">Wir kosten den neuen Wein, k\u00f6nnen Kastanien (Esskastanien\/Maronen) sammeln und machen auch eine Weinprobe beim Winzer. <\/span><\/p>\n<p class=\"MsoNormal\">\u00a0<\/p>\n<p class=\"MsoNormal\"><span style=\"font-family: times new roman, times, serif; font-size: 12pt;\">Die Pfalz in ihrer sch\u00f6nsten Zeit, der Weinlesezeit.<img loading=\"lazy\" style=\"float: right; margin-top: 10px; margin-bottom: 10px;\" src=\"\/sites\/default\/files\/Pfalz%204%20-%20IMG_0119.JPG\" width=\"210\" height=\"157\" \/><\/span><\/p>\n<p>&nbsp;<\/p>\n<p><span style=\"font-size: 11pt; font-family: times new roman, times, serif;\"><span style=\"font-size: 12pt;\">Wir wandern an allen 5 Tagen.<\/span><br \/>\n<\/span><\/p>\n<p>&nbsp;<\/p>\n<p>&nbsp;<\/p>\n<p>&nbsp;<\/p>\n<p><span style=\"font-family: times new roman, times, serif; font-size: 11pt;\"><span style=\"text-decoration: underline;\">Tourenl\u00e4ngen<\/span>: zwischen 16 und 21 km, <\/span><br \/>\n<span style=\"font-family: times new roman, times, serif; font-size: 11pt;\">d.h. am An- und Abreisetag entsprechend\u00a0 ein wenig k\u00fcrzer.<\/span><\/p>\n<p>&nbsp;<\/p>\n<p><span style=\"font-family: times new roman, times, serif; font-size: 11pt;\"><span style=\"text-decoration: underline;\">Termin<\/span>: 19.- 23. September 2019<\/span><\/p>\n<p>&nbsp;<\/p>\n<p><span style=\"font-family: times new roman, times, serif; font-size: 11pt;\"><span style=\"text-decoration: underline;\">Preis<\/span>:\u00a0\u00a0\u00a0 495,- \u20ac\u00a0 inkl. \u00dcbernachtung mit Fr\u00fchst\u00fcck im Doppelzimmer<\/span><br \/>\n<span style=\"font-family: times new roman, times, serif; font-size: 11pt;\">\u00a0\u00a0\u00a0\u00a0\u00a0\u00a0\u00a0\u00a0\u00a0\u00a0\u00a0\u00a0\u00a0\u00a0\u00a0\u00a0\u00a0\u00a0\u00a0\u00a0\u00a0\u00a0\u00a0\u00a0 inkl. Transfer zur 4-Burgen-Wanderung am 3. Wandertag<\/span><\/p>\n<p>&nbsp;<\/p>\n<\/div>\n<p>&nbsp;<\/p>\n<div style=\"width: 80%;\">\n<p>&nbsp;<\/p>\n<p>\u00a0\u00a0\u00a0\u00a0\u00a0\u00a0\u00a0\u00a0 <span style=\"font-size: x-small;\"><br \/>\n<\/span><\/p>\n<p><span style=\"font-size: 9.0pt;\"><img loading=\"lazy\" src=\"https:\/\/www.marmotte-wanderreisen.de\/sites\/default\/files\/image\/Pfalz1%20FelsenP1030753.JPG\" width=\"122\" height=\"161\" \/><\/span><span style=\"font-size: 9.0pt;\"><img loading=\"lazy\" class=\"\" src=\"\/sites\/default\/files\/image\/Pfalz20%20KropsburgP1030911.JPG\" width=\"175\" height=\"132\" \/><\/span><span style=\"font-size: 9.0pt;\"><img loading=\"lazy\" class=\"\" src=\"\/sites\/default\/files\/image\/Pfalz18%20WeinbergeP1030880.JPG\" width=\"175\" height=\"131\" \/><\/span><span style=\"font-size: 9.0pt;\"><img loading=\"lazy\" class=\"\" src=\"\/sites\/default\/files\/image\/Pfalz3TrifelsP1030762.JPG\" width=\"178\" height=\"134\" \/><img loading=\"lazy\" class=\"\" src=\"\/sites\/default\/files\/image\/Pfalz5%20LandschaftP1030775.JPG\" width=\"124\" height=\"165\" \/><img loading=\"lazy\" src=\"\/sites\/default\/files\/image\/Pfalz6%20FelsenP1030783.JPG\" width=\"118\" height=\"157\" \/><\/span><span style=\"font-size: 9.0pt;\"><img loading=\"lazy\" src=\"\/sites\/default\/files\/image\/Pfalz12%20FelsentorP1030801.JPG\" width=\"122\" height=\"157\" \/><\/span><span style=\"font-size: 9.0pt;\"><img loading=\"lazy\" class=\"\" src=\"\/sites\/default\/files\/image\/Pfalz16%20WaldP1030871.JPG\" width=\"125\" height=\"171\" \/><\/span><span style=\"font-size: 9.0pt;\"><img loading=\"lazy\" src=\"\/sites\/default\/files\/image\/Pfalz9%20FelsenP1030790.JPG\" width=\"122\" height=\"157\" \/><\/span><span style=\"font-size: 9.0pt;\"><img loading=\"lazy\" src=\"\/sites\/default\/files\/image\/Pfalz15%20MadenburgP1030858.JPG\" width=\"127\" height=\"168\" \/><\/span><span style=\"font-size: 9.0pt;\"><img loading=\"lazy\" src=\"\/sites\/default\/files\/image\/Pfalz24%20KropsburgP1030953.JPG\" width=\"173\" height=\"130\" \/><\/span><span style=\"font-size: 9.0pt;\"><img loading=\"lazy\" src=\"\/sites\/default\/files\/image\/Pfalz22%20WeintraubenP1030940.JPG\" width=\"121\" height=\"168\" \/><\/span><span style=\"font-size: 9.0pt;\"><img loading=\"lazy\" src=\"\/sites\/default\/files\/image\/Pfalz17%20WeinbergeP1030878.JPG\" width=\"172\" height=\"129\" \/><\/span><span style=\"font-size: 9.0pt;\"><img loading=\"lazy\" class=\"\" src=\"\/sites\/default\/files\/image\/Pfalz8%20AnebosP1030789.JPG\" width=\"161\" height=\"120\" \/><\/span><span style=\"font-size: 9.0pt;\"><img loading=\"lazy\" class=\"\" src=\"\/sites\/default\/files\/image\/Pfalz13%20LandschaftP1030821.JPG\" width=\"162\" height=\"118\" \/><\/span><span style=\"font-size: 9.0pt;\"><img loading=\"lazy\" class=\"\" src=\"\/sites\/default\/files\/image\/Pfalz11%20TrifelsP1030800.JPG\" width=\"168\" height=\"126\" \/><\/span><span style=\"font-size: 9.0pt;\"><img loading=\"lazy\" class=\"\" src=\"\/sites\/default\/files\/image\/Pfalz23%20TrifelsP1030945.JPG\" width=\"161\" height=\"121\" \/><\/span><span style=\"font-size: 9.0pt;\"><img loading=\"lazy\" class=\"\" src=\"\/sites\/default\/files\/image\/Pfalz19%20KropsburgP1030909.JPG\" width=\"160\" height=\"120\" \/><\/span><span style=\"font-size: 9.0pt;\"><img loading=\"lazy\" class=\"\" src=\"\/sites\/default\/files\/image\/Pfalz4%20LanschaftP1030773.JPG\" width=\"153\" height=\"115\" \/><\/span><span style=\"font-size: 9.0pt;\"><img loading=\"lazy\" class=\"\" src=\"\/sites\/default\/files\/image\/Pfalz14%20MadenburgP1030836.JPG\" width=\"151\" height=\"113\" \/><\/span><span style=\"font-size: 9.0pt;\"><img loading=\"lazy\" class=\"\" src=\"\/sites\/default\/files\/image\/Pfalz10%20AussichtP1030797.JPG\" width=\"170\" height=\"127\" \/><\/span><\/p>\n<p>&nbsp;<\/p>\n<p>&nbsp;<\/p>\n<p><span style=\"font-size: 9.0pt;\">\u00a0<\/span><\/p>\n<p><span style=\"font-size: 9.0pt;\">\u00a0\u00a0\u00a0\u00a0\u00a0\u00a0\u00a0\u00a0\u00a0\u00a0\u00a0\u00a0\u00a0\u00a0\u00a0\u00a0\u00a0\u00a0\u00a0\u00a0\u00a0\u00a0\u00a0\u00a0\u00a0\u00a0\u00a0\u00a0\u00a0\u00a0\u00a0\u00a0\u00a0\u00a0\u00a0\u00a0\u00a0\u00a0\u00a0\u00a0\u00a0\u00a0\u00a0\u00a0\u00a0\u00a0\u00a0\u00a0\u00a0\u00a0\u00a0\u00a0\u00a0\u00a0\u00a0\u00a0\u00a0\u00a0\u00a0\u00a0\u00a0\u00a0\u00a0\u00a0\u00a0\u00a0\u00a0\u00a0\u00a0\u00a0\u00a0\u00a0\u00a0\u00a0\u00a0\u00a0\u00a0\u00a0\u00a0\u00a0\u00a0\u00a0\u00a0\u00a0\u00a0\u00a0\u00a0\u00a0\u00a0\u00a0\u00a0\u00a0\u00a0\u00a0\u00a0\u00a0\u00a0\u00a0\u00a0\u00a0\u00a0\u00a0\u00a0\u00a0\u00a0\u00a0\u00a0\u00a0\u00a0\u00a0\u00a0\u00a0\u00a0\u00a0\u00a0\u00a0\u00a0\u00a0\u00a0\u00a0\u00a0\u00a0\u00a0\u00a0\u00a0\u00a0\u00a0\u00a0\u00a0\u00a0\u00a0\u00a0\u00a0\u00a0\u00a0\u00a0\u00a0\u00a0\u00a0\u00a0\u00a0\u00a0\u00a0\u00a0\u00a0\u00a0\u00a0 <img loading=\"lazy\" class=\"\" src=\"\/sites\/default\/files\/image\/Pfalz25%20KeschdeP1030965.JPG\" width=\"102\" height=\"77\" \/><\/span><span style=\"font-size: 9.0pt;\"><img loading=\"lazy\" class=\"\" src=\"\/sites\/default\/files\/image\/Pfalz26%20Federwei%C3%9FerDSCI0314.JPG\" width=\"92\" height=\"95\" \/><\/span><\/p>\n<p>&nbsp;<\/p>\n<p>&nbsp;<\/p>\n<p>&nbsp;<\/p>\n<p>&nbsp;<\/p>\n<\/div>\n","protected":false},"excerpt":{"rendered":"<p>Wandertage im Naturpark Pf\u00e4lzer Wald \u00a0 &nbsp; Wir verbringen f\u00fcnf erlebnisreiche und erholsame\u00a0Wandertage in wundersch\u00f6ner Landschaft zwischen Weinbergen und bunten Misch- und Keschdew\u00e4ldern (Esskastanien) im Naturpark Pf\u00e4lzer Wald. &nbsp; Unsere Pension liegt oberhalb des malerischen Weindorfes St. Martin an der Kropsburg direkt am Waldrand mit Blick \u00fcber die Weinberge. &nbsp; Von dort aus machen wir &hellip; <a href=\"https:\/\/www.marmotte-wanderreisen.de\/Murmel5\/index.php\/naturpark-pfaelzer-wald\/\" class=\"more-link\"><span class=\"screen-reader-text\">&#8222;Naturpark Pf\u00e4lzer Wald&#8220; <\/span>weiterlesen<\/a><\/p>\n","protected":false},"author":1,"featured_media":0,"parent":0,"menu_order":0,"comment_status":"closed","ping_status":"closed","template":"","meta":[],"_links":{"self":[{"href":"https:\/\/www.marmotte-wanderreisen.de\/Murmel5\/index.php\/wp-json\/wp\/v2\/pages\/381"}],"collection":[{"href":"https:\/\/www.marmotte-wanderreisen.de\/Murmel5\/index.php\/wp-json\/wp\/v2\/pages"}],"about":[{"href":"https:\/\/www.marmotte-wanderreisen.de\/Murmel5\/index.php\/wp-json\/wp\/v2\/types\/page"}],"author":[{"embeddable":true,"href":"https:\/\/www.marmotte-wanderreisen.de\/Murmel5\/index.php\/wp-json\/wp\/v2\/users\/1"}],"replies":[{"embeddable":true,"href":"https:\/\/www.marmotte-wanderreisen.de\/Murmel5\/index.php\/wp-json\/wp\/v2\/comments?post=381"}],"version-history":[{"count":9,"href":"https:\/\/www.marmotte-wanderreisen.de\/Murmel5\/index.php\/wp-json\/wp\/v2\/pages\/381\/revisions"}],"predecessor-version":[{"id":391,"href":"https:\/\/www.marmotte-wanderreisen.de\/Murmel5\/index.php\/wp-json\/wp\/v2\/pages\/381\/revisions\/391"}],"wp:attachment":[{"href":"https:\/\/www.marmotte-wanderreisen.de\/Murmel5\/index.php\/wp-json\/wp\/v2\/media?parent=381"}],"curies":[{"name":"wp","href":"https:\/\/api.w.org\/{rel}","templated":true}]}}