{"id":704,"date":"2019-03-31T21:15:21","date_gmt":"2019-03-31T19:15:21","guid":{"rendered":"https:\/\/www.marmotte-wanderreisen.de\/Murmel5\/?page_id=704"},"modified":"2019-04-01T10:52:58","modified_gmt":"2019-04-01T08:52:58","slug":"sonntag-7-april-maerkische-schweiz-von-muencheberg-zum-roten-luch-und-daebersee-nach-buckow","status":"publish","type":"page","link":"https:\/\/www.marmotte-wanderreisen.de\/Murmel5\/index.php\/sonntag-7-april-maerkische-schweiz-von-muencheberg-zum-roten-luch-und-daebersee-nach-buckow\/","title":{"rendered":"Sonntag, 7. April: M\u00e4rkische Schweiz  &#8211; Von M\u00fcncheberg zum Roten Luch und D\u00e4bersee nach Buckow"},"content":{"rendered":"<p>&nbsp;<\/p>\n<p><strong><span style=\"font-family: times new roman, times, serif; font-size: 12pt;\">M\u00e4rkische Schweiz &#8211; Von M\u00fcncheberg zum Roten Luch und D\u00e4bersee nach Buckow<\/span><\/strong><\/p>\n<p>&nbsp;<\/p>\n<p>&nbsp;<\/p>\n<p><span style=\"font-family: times new roman, times, serif; font-size: 12pt;\">Liebe Wanderfrauen,<img style=\"width: 164px; height: 214px; float: right; margin-top: 32px; margin-bottom: 32px;\" src=\"http:\/\/www.marmotte-wanderreisen.de\/userfiles\/image\/Daebersee3.jpg\" \/>\u00a0<\/span><\/p>\n<p>&nbsp;<\/p>\n<p><span style=\"font-family: times new roman, times, serif; font-size: 12pt;\">am n\u00e4chsten <strong>Sonntag, den 7. April<\/strong>, m\u00f6chte ich euch wieder eine wundersch\u00f6ne Fr\u00fchlingswanderung anbieten und <\/span><\/p>\n<p><span style=\"font-family: times new roman, times, serif; font-size: 12pt;\">ich <\/span><span style=\"font-family: times new roman, times, serif; font-size: 12pt;\">m\u00f6chte <\/span><span style=\"font-family: times new roman, times, serif; font-size: 12pt;\">euch alle recht herzlich einladen mitzuwandern.<\/span><\/p>\n<p>&nbsp;<\/p>\n<p><span style=\"font-family: times new roman, times, serif; font-size: 12pt;\">Wir wandern in der M\u00e4rkischen Schweiz. <\/span><span style=\"font-family: times new roman, times, serif; font-size: 12pt;\">Diese abwechslungsreiche Wanderung f\u00fchrt uns von M\u00fcncheberg erstmal <\/span><\/p>\n<p><span style=\"font-family: times new roman, times, serif; font-size: 12pt;\">zum <\/span><span style=\"font-family: times new roman, times, serif; font-size: 12pt;\"><strong>Roten Luch<\/strong>. <\/span><span style=\"font-family: times new roman, times, serif; font-size: 12pt;\">An diesem laufen wir entlang <\/span><span style=\"font-family: times new roman, times, serif; font-size: 12pt;\">und genie\u00dfen die Blicke \u00fcber die weite Landschaft.<\/span><br \/>\n<span style=\"font-family: times new roman, times, serif; font-size: 12pt;\">Dann geht es weiter durch den Wald zum <strong>Gro\u00dfen und Kleinen D\u00e4bersee<\/strong> bei Waldsieversdorf und wir folgen dem <\/span><\/p>\n<p><span style=\"font-family: times new roman, times, serif; font-size: 12pt;\">sch\u00f6nen Uferweg.\u00a0\u00a0<\/span><\/p>\n<p>&nbsp;<\/p>\n<p><span style=\"font-family: times new roman, times, serif; font-size: 12pt;\">In Waldsieversdorf k\u00f6nnen wir uns in einem gem\u00fctlichen Caf\u00e9 mit Kaffee und leckerem selbstgebackenem Kuchen <\/span><\/p>\n<p><span style=\"font-family: times new roman, times, serif; font-size: 12pt;\">st\u00e4rken. <\/span><span style=\"font-family: times new roman, times, serif; font-size: 12pt;\">Nach der Pause wandern wir weiter das letzte St\u00fcck bis <strong>Buckow<\/strong>.\u00a0\u00a0<\/span><\/p>\n<p><span style=\"font-size: 12pt; font-family: times new roman, times, serif;\">\u00a0\u00a0\u00a0\u00a0\u00a0\u00a0\u00a0\u00a0\u00a0\u00a0\u00a0\u00a0\u00a0\u00a0 \u00a0\u00a0\u00a0\u00a0\u00a0\u00a0\u00a0\u00a0\u00a0\u00a0\u00a0\u00a0\u00a0\u00a0\u00a0\u00a0\u00a0\u00a0\u00a0\u00a0\u00a0\u00a0\u00a0 <\/span><\/p>\n<p><span style=\"font-family: times new roman, times, serif; font-size: 12pt;\">Falls euch am Ende der Wanderung dann die F\u00fc\u00dfe weh tun oder auch einfach nur aus Spa\u00df, k\u00f6nnt Ihr euch in Buckow <\/span><\/p>\n<p><span style=\"font-family: times new roman, times, serif; font-size: 12pt;\">die Wartezeit bis der Bus kommt, beim Kneippen im Bach vertreiben. <\/span><\/p>\n<p><span style=\"font-family: times new roman, times, serif; font-size: 12pt;\">Da wir unsere Einkehr erst nach ca. 15 km erreichen, werden wir zwischendurch eine sch\u00f6ne Picknickpause machen.<\/span><\/p>\n<p><span style=\"font-family: times new roman, times, serif; font-size: 12pt;\">Nehmt euch also entsprechend Proviant und ausreichend Getr\u00e4nke mit.<\/span><\/p>\n<p>&nbsp;<\/p>\n<p><span style=\"font-family: times new roman, times, serif; font-size: 12pt;\">Die Wanderung ist ca. 19,5 km lang.<\/span><\/p>\n<p>&nbsp;<\/p>\n<p>&nbsp;<\/p>\n<p><span style=\"text-decoration: underline; font-family: times new roman, times, serif; font-size: 12pt;\"><strong>Anreise<\/strong>:<\/span><br \/>\n<span style=\"font-family: times new roman, times, serif; font-size: 12pt;\">mit der <span style=\"text-decoration: underline;\">S-Bahn S 5 nach Mahlsdorf<\/span> <span style=\"font-size: 10pt;\">(Ri. Strausberg) <\/span>und von dort mit dem Zug <span style=\"font-size: 10pt;\">(RB 26)<\/span> weiter nach M\u00fcncheberg\u00a0<big> <\/big><span style=\"color: #808080;\"><br \/>\n<\/span>\u00a0\u00a0\u00a0\u00a0\u00a0\u00a0\u00a0\u00a0\u00a0\u00a0\u00a0\u00a0\u00a0 <\/span><\/p>\n<p>&nbsp;<\/p>\n<p><span style=\"font-family: times new roman, times, serif; font-size: 12pt;\"><span style=\"text-decoration: underline;\"><strong>Treffpunkt<\/strong><\/span>: <\/span><br \/>\n<span style=\"font-family: times new roman, times, serif; font-size: 12pt;\"><strong>in der S 5 nach S Mahlsdorf<\/strong>\u00a0 im <span style=\"text-decoration: underline;\">1. Wagen<\/span><\/span><br \/>\n<span style=\"font-family: times new roman, times, serif; font-size: 12pt;\">Bitte schreibt mir, an welchem Bahnhof ihr zusteigt.\u00a0 <\/span><br \/>\n<span style=\"font-family: times new roman, times, serif; font-size: 12pt;\"><span style=\"text-decoration: underline;\">Ich selbst werde am Bahnhof Ostkreuz einsteigen<\/span> und bringe die Brandenburgtickets f\u00fcr uns alle mit.\u00a0\u00a0<\/span><\/p>\n<p><span style=\"color: #888888; font-family: times new roman, times, serif; font-size: 12pt;\"><span style=\"color: #808080; font-size: 10pt;\">Ich schreibe euch hier nicht alle Bahnh\u00f6fe auf, an denen ihr einsteigen k\u00f6nnt. Selbstverst\u00e4ndlich k\u00f6nnt ihr auch an den anderen Bahnh\u00f6fen der S-5 einsteigen.<\/span><br \/>\n<\/span><\/p>\n<p>&nbsp;<\/p>\n<p><span style=\"font-family: times new roman, times, serif; font-size: 12pt;\"><span style=\"color: blue;\">\u00a0\u00a0\u00a0\u00a0\u00a0\u00a0\u00a0\u00a0\u00a0\u00a0\u00a0\u00a0\u00a0\u00a0\u00a0\u00a0\u00a0\u00a0\u00a0\u00a0\u00a0\u00a0\u00a0\u00a0\u00a0\u00a0\u00a0\u00a0\u00a0\u00a0\u00a0\u00a0\u00a0\u00a0\u00a0\u00a0\u00a0\u00a0\u00a0\u00a0\u00a0\u00a0 \u00a0\u00a0\u00a0\u00a0 <span style=\"font-size: 10pt;\">Abfahrt<span style=\"mso-spacerun: yes;\">\u00a0 \u00a0\u00a0 \u00a0 <\/span><span style=\"mso-spacerun: yes;\">\u00a0 \u00a0 \u00a0 \u00a0 <\/span>Gleis<\/span><\/span><img loading=\"lazy\" style=\"width: 165px; height: 219px; float: right; margin-top: 18px; margin-bottom: 18px;\" src=\"http:\/\/www.marmotte-wanderreisen.de\/userfiles\/image\/Daebersee2.jpg\" width=\"159\" height=\"212\" \/><\/span><\/p>\n<p><span style=\"color: blue; font-family: times new roman, times, serif; font-size: 12pt;\"><span style=\"color: #000000;\">S Westkreuz\u00a0\u00a0\u00a0\u00a0\u00a0\u00a0\u00a0\u00a0\u00a0\u00a0\u00a0\u00a0\u00a0\u00a0\u00a0\u00a0\u00a0\u00a0\u00a0\u00a0\u00a0\u00a0 \u00a0\u00a0 \u00a0\u00a0 08:47 Uhr\u00a0\u00a0\u00a0\u00a0 \u00a0\u00a0 \u00a0\u00a0 3<\/span><\/span><br \/>\n<span style=\"color: blue; font-family: times new roman, times, serif; font-size: 12pt;\"><span style=\"color: #000000;\">S Charlottenburg\u00a0\u00a0\u00a0\u00a0\u00a0\u00a0 \u00a0 \u00a0 \u00a0 \u00a0 \u00a0\u00a0 \u00a0 \u00a0 08:50 Uhr \u00a0 \u00a0 \u00a0 \u00a0\u00a0 6 \u00a0\u00a0\u00a0\u00a0 <\/span><\/span><br \/>\n<span style=\"color: blue; font-family: times new roman, times, serif; font-size: 12pt;\"><span style=\"color: #000000;\">S+U Zoologischer Garten\u00a0 \u00a0\u00a0 \u00a0\u00a0 08:54 Uhr\u00a0\u00a0\u00a0\u00a0 \u00a0 \u00a0\u00a0 5<\/span><\/span><br \/>\n<span style=\"color: blue; font-family: times new roman, times, serif; font-size: 12pt;\"><span style=\"color: #000000;\"> S Tiergarten\u00a0\u00a0\u00a0\u00a0\u00a0\u00a0\u00a0\u00a0\u00a0\u00a0\u00a0\u00a0\u00a0\u00a0\u00a0\u00a0\u00a0\u00a0\u00a0\u00a0\u00a0\u00a0\u00a0 \u00a0 \u00a0 \u00a0 08:56 Uhr\u00a0\u00a0\u00a0\u00a0\u00a0\u00a0 \u00a0\u00a0 3<\/span><\/span><br \/>\n<span style=\"color: blue; font-family: times new roman, times, serif; font-size: 12pt;\"><span style=\"color: #000000;\">S+U Berlin Hauptbahnhof\u00a0 \u00a0\u00a0 \u00a0 09:01 Uhr\u00a0\u00a0\u00a0\u00a0 \u00a0\u00a0 15<\/span><\/span><br \/>\n<span style=\"color: blue; font-family: times new roman, times, serif; font-size: 12pt;\"><span style=\"color: #000000;\"> S+U Friedrichstrasse\u00a0\u00a0\u00a0\u00a0\u00a0\u00a0\u00a0\u00a0\u00a0 \u00a0 \u00a0 \u00a0 09:03 Uhr\u00a0\u00a0\u00a0\u00a0\u00a0 \u00a0 \u00a0 5<\/span><\/span><br \/>\n<span style=\"color: blue; font-family: times new roman, times, serif; font-size: 12pt;\"><span style=\"color: #000000;\"> S+U Alexanderplatz\u00a0\u00a0\u00a0\u00a0\u00a0\u00a0\u00a0\u00a0\u00a0\u00a0\u00a0 \u00a0\u00a0 \u00a0 09:07 Uhr\u00a0\u00a0\u00a0\u00a0\u00a0 \u00a0 \u00a0 3<\/span><\/span><br \/>\n<span style=\"color: blue; font-family: times new roman, times, serif; font-size: 12pt;\"><span style=\"color: #000000;\"> S+U Jannowitzbr\u00fccke\u00a0\u00a0\u00a0\u00a0\u00a0\u00a0 \u00a0 \u00a0\u00a0 \u00a0 09:09 Uhr\u00a0\u00a0\u00a0\u00a0 \u00a0\u00a0 \u00a0 3<\/span><\/span><br \/>\n<span style=\"color: blue; font-family: times new roman, times, serif; font-size: 12pt;\"><span style=\"color: #000000;\"> S Ostbahnhof\u00a0\u00a0\u00a0\u00a0\u00a0\u00a0\u00a0\u00a0\u00a0\u00a0\u00a0\u00a0\u00a0\u00a0\u00a0\u00a0\u00a0\u00a0 \u00a0\u00a0 \u00a0 \u00a0 \u00a0 09:12 Uhr\u00a0\u00a0\u00a0\u00a0\u00a0\u00a0 \u00a0\u00a0 8<\/span><\/span><br \/>\n<span style=\"color: blue; font-family: times new roman, times, serif; font-size: 12pt;\"><span style=\"color: #000000;\">S+U Warschauer Strasse\u00a0\u00a0\u00a0 \u00a0\u00a0 \u00a0\u00a0 09:14 Uhr\u00a0\u00a0\u00a0\u00a0\u00a0 \u00a0\u00a0 \u00a0 1<\/span><\/span><br \/>\n<span style=\"color: blue; font-family: times new roman, times, serif; font-size: 12pt;\"><span style=\"color: #000000;\"> <span style=\"text-decoration: underline;\">S Ostkreuz<\/span>\u00a0\u00a0\u00a0\u00a0\u00a0\u00a0\u00a0\u00a0\u00a0\u00a0\u00a0\u00a0\u00a0\u00a0\u00a0\u00a0\u00a0\u00a0\u00a0\u00a0\u00a0\u00a0\u00a0\u00a0 \u00a0 \u00a0\u00a0\u00a0\u00a0 <span style=\"text-decoration: underline;\">09:17 Uhr<\/span>\u00a0\u00a0\u00a0\u00a0 \u00a0\u00a0 \u00a0\u00a0 <span style=\"text-decoration: underline;\">3<\/span><\/span><\/span><br \/>\n<span style=\"color: blue; font-family: times new roman, times, serif; font-size: 12pt;\"><span style=\"color: #000000;\">S+U Lichtenberg\u00a0\u00a0\u00a0\u00a0\u00a0\u00a0\u00a0\u00a0\u00a0\u00a0\u00a0\u00a0\u00a0\u00a0 \u00a0 \u00a0 \u00a0\u00a0 09:21 Uhr\u00a0\u00a0\u00a0\u00a0\u00a0 \u00a0\u00a0 \u00a0 1<\/span><\/span><br \/>\n<span style=\"color: blue; font-family: times new roman, times, serif; font-size: 12pt;\"><span style=\"color: #000000;\"> S+U Biesdorf \u00a0\u00a0\u00a0\u00a0\u00a0\u00a0\u00a0\u00a0\u00a0\u00a0\u00a0\u00a0\u00a0\u00a0\u00a0\u00a0\u00a0 \u00a0 \u00a0 \u00a0 \u00a0 09:26 Uhr\u00a0\u00a0\u00a0\u00a0\u00a0\u00a0\u00a0 \u00a0 \u00a0 2<\/span><\/span><br \/>\n<span style=\"color: blue; font-family: times new roman, times, serif; font-size: 12pt;\"><span style=\"color: #000000;\"> <span style=\"color: #3366ff;\"><span style=\"text-decoration: underline;\">S Mahlsdorf an 09:32 Uhr<\/span>:\u00a0\u00a0 ab hier weiter mit dem RB 26 nach M\u00fcncheberg<\/span><\/span><\/span><\/p>\n<p><span style=\"color: #333333; font-family: times new roman, times, serif; font-size: 12pt;\"><span style=\"color: #999999;\"><span style=\"font-size: 10pt;\">R\u00fcckfahrt voraussichtlich 17:21 Uhr ab Buckow\u00a0 (Ankunft in z.B. Berlin Ostkreuz um 18:48 Uhr)<\/span> \u00a0<\/span> <\/span><\/p>\n<p><span style=\"color: blue; font-family: times new roman, times, serif; font-size: 12pt;\"><br \/>\n<\/span><\/p>\n<p><span style=\"font-family: times new roman, times, serif; font-size: 12pt;\"><span style=\"text-decoration: underline;\"><strong>Fahrkarten<\/strong><\/span>: <\/span><br \/>\n<span style=\"font-family: times new roman, times, serif; font-size: 12pt;\">Wir fahren mit\u00a0 Brandenburgtickets. Die Fahrtkosten werden wir unter den Teilnehmerinnen teilen (d.h. 29,- Euro f\u00fcr<\/span><\/p>\n<p><span style=\"font-family: times new roman, times, serif; font-size: 12pt;\">max. 5 Pers., bzw. bei einer f\u00fcr das Ticket ung\u00fcnstigen Personenzahl erh\u00f6ht sich der anteilige Preis entsprechend).<\/span><\/p>\n<p><span style=\"font-family: times new roman, times, serif; font-size: 12pt;\">Wenn eine von Euch ein Berliner AB- oder ABC-Monatskarte hat und\/oder eine Bahncard, w\u00e4re es sch\u00f6n, mir Bescheid zu<\/span><\/p>\n<p><span style=\"font-family: times new roman, times, serif; font-size: 12pt;\">sagen und diese ggf. mitzubringen. Das ist wichtig f\u00fcr die Planung, falls es mit den Brandenburgtickets schlecht aufgeht.<\/span><\/p>\n<p>&nbsp;<\/p>\n<p>&nbsp;<\/p>\n<p><span style=\"font-family: times new roman, times, serif; font-size: 12pt;\"><span style=\"text-decoration: underline;\"><strong>Teilnahmegeb\u00fchr<\/strong><\/span>: 15,- Euro<\/span><br \/>\n<span style=\"font-family: times new roman, times, serif; font-size: 12pt;\"><span style=\"text-decoration: underline;\"><strong>Gruppengr\u00f6\u00dfe<\/strong><\/span>:\u00a0\u00a0\u00a0\u00a0\u00a0 max. 20 Teilnehmerinnen<\/span><\/p>\n<p>&nbsp;<\/p>\n<p>&nbsp;<\/p>\n<p><span style=\"font-family: times new roman, times, serif; font-size: 12pt;\">Bitte meldet euch bis sp\u00e4testens <strong>Samstag, den 6. April, 16 Uhr verbindlich * <\/strong>an, wenn ihr mitkommen m\u00f6chtet.<\/span><br \/>\n<span style=\"font-family: times new roman, times, serif; font-size: 12pt;\">Nach der Anmeldung bekommt ihr eine Anmeldebest\u00e4tigung. <strong>*<\/strong><strong>*<\/strong><\/span><\/p>\n<p><span style=\"font-size: 12pt; font-family: times new roman, times, serif;\">\u00a0<\/span><\/p>\n<p><span style=\"font-family: times new roman, times, serif; font-size: 12pt;\">Ich freue mich auf euch!<\/span><\/p>\n<p>&nbsp;<\/p>\n<p><span style=\"font-family: times new roman, times, serif; font-size: 12pt;\">Viele Gr\u00fc\u00dfe<\/span><br \/>\n<span style=\"font-family: times new roman, times, serif; font-size: 12pt;\">Claudia<\/span><br \/>\n<span style=\"font-size: 10pt; font-family: times new roman, times, serif;\">-Marmotte Wanderreisen-<\/span><\/p>\n<p>&nbsp;<\/p>\n<p>&nbsp;<\/p>\n<p><span style=\"font-family: times new roman, times, serif; font-size: 12pt;\"><strong>Bitte nicht vergessen:<\/strong><\/span><br \/>\n<span style=\"font-family: times new roman, times, serif; font-size: 12pt;\">feste Schuhe (keine Barfu\u00dfschuhe und keine Sandalen), der Witterung angepa\u00dfte Kleidung, Sonnenschutz, <\/span><\/p>\n<p><span style=\"font-family: times new roman, times, serif; font-size: 12pt;\">Insektenschutz, <\/span><span style=\"font-family: times new roman, times, serif; font-size: 12pt;\">Regenschutz, evtl. Ersatzsocken, Proviant f\u00fcrs Picknick, ausreichend Getr\u00e4nke<\/span><\/p>\n<p>&nbsp;<\/p>\n<p>&nbsp;<\/p>\n<p><span style=\"font-family: times new roman, times, serif;\">*\u00a0 mit der Anmeldung wird die Teilnahmegeb\u00fchr f\u00e4llig. Kann der Platz im Falle einer Absage an eine andere Teilnehmerin weitergegeben<\/span><\/p>\n<p><span style=\"font-family: times new roman, times, serif;\">werden, entf\u00e4llt die Geb\u00fchr selbstverst\u00e4ndlich.<\/span><\/p>\n<p>&nbsp;<\/p>\n<p><span style=\"font-family: times new roman, times, serif;\">* * Hinweis: Mit der Anmeldung nimmt die Teilnehmerin zur Kenntnis und stimmt gleichzeitig zu, dass sie \u00fcber die Veranstalterin Marmotte<\/span><\/p>\n<p><span style=\"font-family: times new roman, times, serif;\">Wanderreisen, Claudia Hoffmann nicht unfallversichert ist. Die Teilnahme an der Veranstaltung erfolgt in eigener Verantwortung und auf<\/span><\/p>\n<p><span style=\"font-family: times new roman, times, serif;\">eigenes Risiko der Teilnehmerin. Die Veranstalterin \u00fcbernimmt keine Haftung f\u00fcr Sch\u00e4den (sowohl materieller als auch immaterieller Art)<\/span><\/p>\n<p><span style=\"font-family: times new roman, times, serif;\">aufgrund von Unf\u00e4llen, sonstigen Schadensereignissen oder Unregelm\u00e4\u00dfigkeiten, die sich im Rahmen der Wanderung ergeben, sofern diese<\/span><\/p>\n<p><span style=\"font-family: times new roman, times, serif;\">nicht auf grob fahrl\u00e4ssige und vors\u00e4tzliche Handlungen der Wanderleiterin zur\u00fcckzuf\u00fchren sind.<\/span><\/p>\n<p>&nbsp;<\/p>\n","protected":false},"excerpt":{"rendered":"<p>&nbsp; M\u00e4rkische Schweiz &#8211; Von M\u00fcncheberg zum Roten Luch und D\u00e4bersee nach Buckow &nbsp; &nbsp; Liebe Wanderfrauen,\u00a0 &nbsp; am n\u00e4chsten Sonntag, den 7. April, m\u00f6chte ich euch wieder eine wundersch\u00f6ne Fr\u00fchlingswanderung anbieten und ich m\u00f6chte euch alle recht herzlich einladen mitzuwandern. &nbsp; Wir wandern in der M\u00e4rkischen Schweiz. Diese abwechslungsreiche Wanderung f\u00fchrt uns von M\u00fcncheberg &hellip; <a href=\"https:\/\/www.marmotte-wanderreisen.de\/Murmel5\/index.php\/sonntag-7-april-maerkische-schweiz-von-muencheberg-zum-roten-luch-und-daebersee-nach-buckow\/\" class=\"more-link\"><span class=\"screen-reader-text\">&#8222;Sonntag, 7. April: M\u00e4rkische Schweiz  &#8211; Von M\u00fcncheberg zum Roten Luch und D\u00e4bersee nach Buckow&#8220; <\/span>weiterlesen<\/a><\/p>\n","protected":false},"author":1,"featured_media":0,"parent":0,"menu_order":1,"comment_status":"closed","ping_status":"closed","template":"","meta":[],"_links":{"self":[{"href":"https:\/\/www.marmotte-wanderreisen.de\/Murmel5\/index.php\/wp-json\/wp\/v2\/pages\/704"}],"collection":[{"href":"https:\/\/www.marmotte-wanderreisen.de\/Murmel5\/index.php\/wp-json\/wp\/v2\/pages"}],"about":[{"href":"https:\/\/www.marmotte-wanderreisen.de\/Murmel5\/index.php\/wp-json\/wp\/v2\/types\/page"}],"author":[{"embeddable":true,"href":"https:\/\/www.marmotte-wanderreisen.de\/Murmel5\/index.php\/wp-json\/wp\/v2\/users\/1"}],"replies":[{"embeddable":true,"href":"https:\/\/www.marmotte-wanderreisen.de\/Murmel5\/index.php\/wp-json\/wp\/v2\/comments?post=704"}],"version-history":[{"count":15,"href":"https:\/\/www.marmotte-wanderreisen.de\/Murmel5\/index.php\/wp-json\/wp\/v2\/pages\/704\/revisions"}],"predecessor-version":[{"id":761,"href":"https:\/\/www.marmotte-wanderreisen.de\/Murmel5\/index.php\/wp-json\/wp\/v2\/pages\/704\/revisions\/761"}],"wp:attachment":[{"href":"https:\/\/www.marmotte-wanderreisen.de\/Murmel5\/index.php\/wp-json\/wp\/v2\/media?parent=704"}],"curies":[{"name":"wp","href":"https:\/\/api.w.org\/{rel}","templated":true}]}}